are the prime factors of 624667742?
2, 312333871
What are the prime factors of 22240873?
4621, 4813
What are the prime factors of 1197802838?
2, 1039, 576421
List the prime factors of 158477643.
3, 131, 134417
What are the prime factors of 174801351?
3, 58267117
List the prime factors of 681923045.
5, 2857, 47737
What are the prime factors of 222440800?
2, 5, 278051
What are the prime factors of 140418771?
3, 89, 525913
List the prime factors of 1684279191.
3, 7, 97, 499, 1657
What are the prime factors of 8297510000?
2, 5, 13, 83, 769
What are the prime factors of 750934895?
5, 79, 1097, 1733
What are the prime factors of 2591854879?
503, 1091, 4723
What are the prime factors of 711246409?
743, 957263
What are the prime factors of 3457458?
2, 3, 43, 1489
List the prime factors of 1784568896.
2, 11, 23, 307, 359
What are the prime factors of 2563438?
2, 139, 9221
What are the prime factors of 34631286?
2, 3, 61, 94621
What are the prime factors of 233740992?
2, 3, 31, 173, 227
What are the prime factors of 20329063?
2939, 6917
List the prime factors of 190750079.
13, 1303, 11261
List the prime factors of 797861341.
797861341
What are the prime factors of 91198649?
29, 277, 11353
List the prime factors of 111026177.
19, 5843483
List the prime factors of 25791379.
19, 673, 2017
What are the prime factors of 28453428?
2, 3, 239, 3307
What are the prime factors of 224726738?
2, 112363369
What are the prime factors of 2061160664?
2, 67, 3845449
List the prime factors of 8103619.
8103619
What are the prime factors of 51805644?
2, 3, 11, 392467
List the prime factors of 1150180860.
2, 3, 5, 19169681
List the prime factors of 844006759.
383, 2203673
What are the prime factors of 138632494?
2, 7, 11, 13, 69247
What are the prime factors of 239318586?
2, 3, 13, 1022729
List the prime factors of 608580978.
2, 3, 43, 2358841
List the prime factors of 64688746.
2, 32344373
What are the prime factors of 64287799?
64287799
List the prime factors of 381666416.
2, 23, 1037137
What are the prime factors of 3472219022?
2, 1999, 868489
What are the prime factors of 29304678?
2, 3, 13, 157, 2393
List the prime factors of 187684582.
2, 1447, 64853
List the prime factors of 76378342.
2, 38189171
What are the prime factors of 69236106?
2, 3, 43, 101, 2657
List the prime factors of 95817279.
3, 97, 329269
What are the prime factors of 1166635604?
2, 37, 7882673
What are the prime factors of 589306089?
3, 196435363
What are the prime factors of 1929375664?
2, 120585979
What are the prime factors of 45115799?
223, 307, 659
List the prime factors of 328999148.
2, 82249787
List the prime factors of 62212590.
2, 3, 5, 11, 20947
List the prime factors of 51682643.
59, 613, 1429
List the prime factors of 1128061850.
2, 5, 467, 48311
What are the prime factors of 28780458?
2, 3, 7, 685249
What are the prime factors of 2037815385?
3, 5, 67, 2027677
List the prime factors of 38801402.
2, 19400701
What are the prime factors of 2608392219?
3, 19, 37, 1236791
What are the prime factors of 21951874?
2, 7, 769, 2039
List the prime factors of 225344008.
2, 571, 49331
List the prime factors of 21661509.
3, 73, 98911
List the prime factors of 4081145113.
787, 5185699
List the prime factors of 395496212.
2, 311, 317923
What are the prime factors of 2524804744?
2, 7, 11, 4098709
List the prime factors of 47989755.
3, 5, 11, 67, 1447
List the prime factors of 427969285.
5, 359, 238423
List the prime factors of 48374484.
2, 3, 43, 241, 389
What are the prime factors of 282152231?
53, 5323627
What are the prime factors of 85755924?
2, 3, 2382109
List the prime factors of 13022743.
13022743
List the prime factors of 238712083.
238712083
List the prime factors of 65796428.
2, 47, 349981
What are the prime factors of 4576649486?
2, 44131, 51853
What are the prime factors of 32325683?
13, 2486591
What are the prime factors of 1390490476?
2, 431, 806549
List the prime factors of 16008895.
5, 7, 457397
What are the prime factors of 289911422?
2, 103, 1407337
List the prime factors of 352824087.
3, 7, 11, 1151, 1327
What are the prime factors of 1186914741?
3, 59, 6705733
List the prime factors of 1252840335.
3, 5, 19, 1873, 2347
What are the prime factors of 121234881?
3, 40411627
What are the prime factors of 103216929?
3, 709, 48527
List the prime factors of 1513898584.
2, 11, 17203393
What are the prime factors of 29897543?
13, 17, 135283
What are the prime factors of 1850073794?
2, 89, 1777, 5849
What are the prime factors of 11532987?
3, 17, 43, 1753
What are the prime factors of 18420324?
2, 3, 13, 31, 293
What are the prime factors of 1707869138?
2, 53, 223, 72251
What are the prime factors of 3051569864?
2, 7, 7784617
List the prime factors of 19857710.
2, 5, 1985771
List the prime factors of 172246661.
53, 971, 3347
What are the prime factors of 274254061?
274254061
List the prime factors of 280339397.
13, 127601
List the prime factors of 154512841.
7, 29, 109, 6983
What are the prime factors of 24183009?
3, 895667
List the prime factors of 444671239.
29, 1753, 8747
List the prime factors of 19007340.
2, 3, 5, 11, 31, 929
What are the prime factors of 36207511?
109, 332179
What are the prime factors of 64978861?
2411, 26951
List the prime factors of 1138716716.
2, 1097, 259507
List the prime factors of 275542504.
2, 34442813
List the prime factors of 544410875.
5, 139, 31333
List the prime factors of 875612088.
2, 3, 13, 367, 2549
What are the prime factors of 125392905?
3, 5, 11, 23029
List the prime factors of 123787586.
2, 13, 4761061
List the prime factors of 856016704.
2, 449, 29789
What are the prime factors of 85958267?
85958267
What are the prime factors of 185776255?
5, 7, 17, 312229
List the prime factors of 1469981243.
1063, 1382861
What are the prime factors of 30054409?
7, 11, 19, 20543
List the prime factors of 789738909.
3, 151, 1743353
List the prime factors of 74929771.
7, 233, 6563
What are the prime factors of 96733887?
3, 32244629
List the prime factors of 46382523.
3, 11, 1405531
List the prime factors of 522878310.
2, 3, 5, 137, 42407
What are the prime factors of 3888686040?
2, 3, 5, 563, 57559
List the prime factors of 22066036.
2, 41, 157, 857
What are the prime factors of 34686789?
3, 11562263
List the prime factors of 941114757.
3, 11, 29, 331, 2971
List the prime factors of 50871562.
2, 7, 3633683
List the prime factors of 5005246726.
2, 17, 173, 850943
What are the prime factors of 4086802070?
2, 5, 13, 37, 73, 103, 113
List the prime factors of 172646652.
2, 3, 53, 353, 769
List the prime factors of 17835538.
2, 7, 83, 15349
What are the prime factors of 153118686?
2, 3, 7, 3645683
List the prime factors of 344174504.
2, 149, 173, 1669
What are the prime factors of 184477859?
19, 511019
What are the prime factors of 7757350?
2, 5, 47, 3301
What are the prime factors of 94845642?
2, 3, 15807607
What are the prime factors of 140174425?
5, 2297, 2441
List the prime factors of 643999567.
643999567
List the prime factors of 26054706.
2, 3, 109, 39839
List the prime factors of 4847360583.
3, 13, 1489, 6421
List the prime factors of 18427222.
2, 11, 837601
List the prime factors of 187937683.
19, 487, 1069
What are the prime factors of 55929255?
3, 5, 19, 29, 67, 101
List the prime factors of 13279637.
7, 271013
List the prime factors of 215832850.
2, 5, 17, 31, 8191
What are the prime factors of 35395214?
2, 19, 569, 1637
List the prime factors of 59938892.
2, 13, 88667
What are the prime factors of 761506415?
5, 17, 19, 471521
What are the prime factors of 139222805?
5, 27844561
List the prime factors of 22227593.
22227593
List the prime factors of 481104169.
7, 13, 5286859
What are the prime factors of 29759665?
5, 13, 353, 1297
List the prime factors of 581717363.
73, 139, 57329
What are the prime factors of 1322091592?
2, 19, 8697971
What are the prime factors of 1237819472?
2, 77363717
What are the prime factors of 931500651?
3, 310500217
List the prime factors of 2830311.
3, 11, 23, 113
What are the prime factors of 304200073?
16361, 18593
List the prime factors of 65987302.
2, 17, 151, 12853
What are the prime factors of 1684655014?
2, 7, 1487, 80923
What are the prime factors of 39565449?
3, 7, 11, 19031
List the prime factors of 50965608.
2, 3, 23, 1